26).
-2726
Let h(z) = 85*z**2 + 331*z + 10. Determine h(-4).
46
Let u(q) = -8*q**2 - 9299*q + 37158. Give u(4).
-166
Let f(o) = 301526*o + 904531. What is f(-3)?
-47
Let v(w) = 2*w**3 + 27*w**2 - 301*w - 418. Give v(-21).
-712
Let i(t) = -1226*t + 124063. Calculate i(101).
237
Let l(d) = 1632287*d - 44071744. Give l(27).
5
Let t(c) = 2*c**2 + 3347*c - 13372. Calculate t(4).
48
Let v(u) = -14*u**3 + 364*u**2 + 2*u - 111. Give v(26).
-59
Let x(i) = -32601*i + 554198. Calculate x(17).
-19
Let k(o) = 5582*o - 34144. Give k(5).
-6234
Let l(o) = 79*o + 1764. Determine l(-25).
-211
Let l(h) = -320*h - 29167. Give l(-91).
-47
Let f(m) = m**3 - 11*m**2 - 36*m + 460. Determine f(18).
2080
Let r(c) = -c**3 + 19692*c**2 - 452397*c + 235. Calculate r(23).
5
Let v(j) = 4*j**3 + 443*j**2 + 340*j + 1100. Give v(-110).
0
Let k(f) = -f**2 + 88*f + 630. Calculate k(-9).
-243
Let l(c) = -12236*c - 12233. What is l(-1)?
3
Let m(b) = 18307*b - 37316. Determine m(2).
-702
Let o(u) = -120*u**3 - 48*u**2 + 6*u + 46. Calculate o(3).
-3608
Let a(z) = -2*z**2 + 328*z - 11668. What is a(116)?
-532
Let x(w) = 14*w**2 - 310*w - 139. Give x(24).
485
Let u(j) = -2*j**3 + 489*j**2 + 28074*j - 294. Calculate u(-48).
-6
Let i(u) = -5978*u - 1129848. Give i(-189).
-6
Let m(c) = -c**2 + 1537*c - 589273. Give m(805).
-13
Let s(p) = 15*p**2 - 802*p - 7009. Give s(61).
-116
Let d(y) = y**2 + 61540*y - 307711. Give d(5).
14
Let i(k) = 6*k**2 - 252*k - 14. What is i(43)?
244
Let t(p) = -44*p + 804. Calculate t(-48).
2916
Let n(r) = -110*r**3 + 3*r**2 - 466*r + 930. Calculate n(2).
-870
Let s(y) = -1489*y + 511917. What is s(344)?
-299
Let n(z) = 548907*z + 18113926. Give n(-33).
-5
Let p(o) = -o**3 + 116*o**2 - 697*o + 40454. What is p(113)?
0
Let o(z) = -33*z**2 - 754*z - 17. Give o(-22).
599
Let k(h) = h**3 - 136*h**2 + 401*h + 2. Calculate k(133).
268
Let t(v) = 704*v + 14897. Calculate t(-26).
-3407
Let q(s) = 8452*s + 752219. Give q(-89).
-9
Let r(y) = y**3 - 528*y**2 + 23095*y - 2614. Calculate r(48).
26
Let x(h) = 206*h**2 + 10447*h + 121. What is x(-51)?
3130
Let k(o) = 12*o**2 - 1881*o - 2356. Give k(158).
14
Let o(z) = 135841*z + 8829678. What is o(-65)?
13
Let s(u) = -644*u**3 - 5*u**2 - 48*u + 48. Give s(1).
-649
Let k(g) = g**2 + 2263*g + 195482. Give k(-90).
-88
Let j(a) = -a**3 + 84*a**2 - 5*a + 394. Calculate j(84).
-26
Let t(v) = v**3 - 44*v**2 - 244*v + 14991. Determine t(41).
-56
Let i(f) = -8613*f**2 + 43056*f + 34. Determine i(5).
-11
Let y(w) = -2*w**2 - 9075*w + 90838. What is y(10)?
-112
Let z(u) = 40*u**3 - 21*u**2 - 7*u + 94. Give z(4).
2290
Let f(t) = 6*t**2 - 27*t - 395. Determine f(-8).
205
Let g(a) = -540*a - 27200. Calculate g(-50).
-200
Let z(l) = -5*l**2 + 147220*l + 736222. Calculate z(-5).
-3
Let c(m) = -12*m + 1331. Determine c(-19).
1559
Let l(m) = 38*m - 3856. Give l(65).
-1386
Let q(i) = -2*i**3 + 23*i**2 - 39*i + 269. Determine q(11).
-39
Let l(d) = 25*d**2 + 113*d + 145. Give l(-7).
579
Let n(u) = -u**3 - 370*u**2 + 1872*u + 140622. What is n(-374)?
-2
Let w(j) = 1104*j**2 + 19999*j + 2291. Give w(-18).
5
Let l(o) = 784*o - 8082. Determine l(11).
542
Let n(i) = 657*i**3 - 12*i**2 + 14*i + 17. Give n(-1).
-666
Let c(d) = d**2 - 123529*d + 1852651. Calculate c(15).
-59
Let b(x) = -5*x**3 + 19*x**2 - 365*x + 689. Determine b(8).
-3575
Let f(m) = -96750*m + 1064090. Give f(11).
-160
Let c(p) = -2*p**3 + 308*p**2 - 2614*p - 309. Give c(145).
-889
Let k(i) = 2*i**3 - 290*i**2 + 574*i + 20. Calculate k(143).
306
Let n(j) = -383*j - 4416. Calculate n(-10).
-586
Let t(m) = 312*m - 2178. Determine t(7).
6
Let s(u) = 2*u**3 + 51*u**2 - 7*u + 650. Determine s(-26).
156
Let u(c) = 18228*c + 72571. What is u(-4)?
-341
Let l(s) = -15*s**3 - 7*s**2 + 70*s + 98. Determine l(-3).
230
Let i(g) = -41*g**2 - 29*g - 16. Determine i(-6).
-1318
Let c(q) = 264917*q - 794752. Give c(3).
-1
Let k(z) = -2*z**3 + 223*z**2 + 18239*z - 2030222. Determine k(112).
2
Let h(q) = 777*q - 88218. Give h(112).
-1194
Let a(o) = -20551*o + 61661. Calculate a(3).
8
Let f(v) = 116785*v + 1634978. Calculate f(-14).
-12
Let x(u) = 260*u + 7233. Calculate x(-33).
-1347
Let h(m) = -34*m**3 + 212*m**2 + 619*m - 32. Determine h(-3).
937
Let g(c) = -8*c**2 - 1377*c + 506. What is g(-172)?
678
Let j(g) = -3*g**3 - 347*g**2 + 2704*g - 411. Calculate j(-123).
-165
Let t(l) = l**3 + 10*l**2 - 31*l - 343. Calculate t(-9).
17
Let v(k) = 71*k**2 + 8661*k - 103. What is v(-122)?
19
Let x(l) = 120*l**2 - 18463*l + 18464. Calculate x(1).
121
Let x(s) = -s**3 - 14*s**2 - 249*s - 3820. What is x(-15)?
140
Let u(w) = -39195*w + 1802965. What is u(46)?
-5
Let z(r) = -r**3 - 27*r**2 - 31*r + 114. What is z(-3)?
-9
Let m(r) = 5*r**3 - 140*r**2 - 26*r + 581. What is m(28)?
-147
Let l(v) = -133*v**2 - 3634*v - 55. Give l(-27).
1106
Let h(b) = 167*b + 16352. Calculate h(-99).
-181
Let m(l) = -l**3 + 198*l**2 + 31409*l - 386. Determine m(302).
-84
Let i(x) = 48034*x - 1825272. Determine i(38).
20
Let j(u) = -36233*u + 471032. Calculate j(13).
3
Let k(r) = 1165322*r - 6991929. What is k(6)?
3
Let f(k) = 443*k**2 - 25*k + 21. What is f(2)?
1743
Let n(z) = z**3 + 4*z**2 - 9780*z + 5. Calculate n(0).
5
Let a(o) = 7758*o - 69818. Give a(9).
4
Let q(v) = 7*v**2 + 2986*v + 59620. Determine q(-21).
1
Let w(d) = -1293*d**2 + 8*d - 14. Give w(1).
-1299
Let y(t) = t**3 + 3*t**2 - 47*t - 6. Calculate y(7).
155
Let j(m) = m**3 + 20*m**2 - 206*m + 7376. Calculate j(-33).
17
Let i(v) = -3*v**2 - 838*v + 6028. Determine i(7).
15
Let k(w) = -w**3 - 120*w**2 - 1852*w - 1208. Calculate k(-102).
424
Let y(i) = -11*i**2 + 543*i - 1271. Give y(47).
-49
Let l(v) = -v**3 - 10*v**2 - 3*v + 80. Calculate l(-6).
-46
Let m(x) = -x**2 + 1088*x - 190976. Give m(868).
-16
Let s(h) = -h**3 + 35*h**2 - 9*h - 28. Calculate s(14).
3962
Let q(h) = -h**3 - 124*h**2 - 1926*h - 1905. Calculate q(-106).
3
Let k(n) = n**3 + 275*n**2 + 13669*n + 3992. Give k(-210).
2
Let p(y) = y**2 + 136*y - 30978. Give p(-256).
-258
Let l(k) = 3*k**2 - 4523*k + 1589345. Give l(950).
-5
Let q(v) = -v**3 + 55*v**2 - 516*v - 31. Give q(12).
-31
Let z(b) = 6*b**2 + 1714*b + 7863. Calculate z(-281).
-5
Let l(p) = -p**3 - 121*p**2 - 2589*p - 41. Calculate l(-29).
-2332
Let m(f) = f**3 - 41*f**2 - 462*f + 9. Determine m(50).
-591
Let p(g) = g**2 - 45665*g - 685236. Give p(-15).
-36
Let h(r) = 80862*r + 1374650. What is h(-17)?
-4
Let p(x) = -4*x**3 + 25*x**2 + 113*x - 138. Calculate p(-5).
422
Let h(l) = 9*l**2 + 328*l + 829. What is h(-34)?
81
Let l(s) = s**3 + 96*s**2 - 19007*s - 365. What is l(98)?
125
Let w(q) = 30916*q + 47239641. Give w(-1528).
-7
Let c(r) = 2*r**3 - 37*r**2 + 60*r - 496. Calculate c(18).
260
Let c(d) = 14*d**2 - 3551*d - 1366. What is c(254)?
-96
Let b(d) = d**3 + 88*d**2 - 390*d - 1852. Give b(-92).
172
Let v(l) = 503293*l - 3019766. Give v(6).
-8
Let h(x) = 172*x - 47216. Determine h(248).
-4560
Let z(w) = w**3 + 66*w**2 - 708*w - 38873. Calculate z(-68).
23
Let c(p) = 82867*p - 331520. What is c(4)?
-52
Let l(g) = 36*g**2 + 12181*g + 4304. Give l(-338).
-90
Let w(x) = -10*x**3 - 11*x**2 + 204*x + 432. What is w(-2)?
60
Let c(w) = w**2 - 1264*w - 435967. Give c(-282).
5
Let z(t) = -24*t**2 - 25457*t - 830841. What is z(-1027)?
2
Let q(v) = v**2 - 462*v + 30655. Give q(81).
-206
Let n(k) = 5*k**3 + 2*k**2 - 468*k + 1847. Calculate n(4).
327
Let f(n) = -121*n + 9704. Calculate f(60).
2444
Let g(l) = 10809*l. Calculate g(0).
0
Let l(m) = 19*m**2 + 3872*m - 38752. What is l(10)?
1868
Let m(p) = 26360*p**2 - 105442*p - 5. Determine m(4).
-13
Let k(t) = -t**2 + 315*t + 33521. Calculate k(399).
5
Let o(f) = -f**3 + 272*f**2 - 230*f + 137331. Give o(273).
12
Let s(l) = -102*l**2 - 9910*l - 1568. Calculate s(-97).
-16
Let u(k) = 15615*k + 187394. What is u(-12)?
14
Let q(f) = -3*f**3 + 15*f**2 - 47*f + 170. Give q(5).
-65
Let x(q) = -1980*q**2 - 19804*q - 40. What is x(-10)?
0
Let j(c) = -418*c**2 - 12531*c + 335. What is j(-30)?
65
Let m(j) = 215885*j - 5612943. Calculate m(26).
67
Let p(c) = -c**3 + 63*c**2 + 380*c - 2704. Give p(68).
16
Let t(d) = -1799*d + 3068. Give t(2).
-530
Let j(v) = 4*v**2 + 2350*v + 344946. Calculate j(-287).
-28
Let f(d) = -5*d**3 + 439*d**2 + 86*d + 286. Determine f(88).
110
Let k(y) = 6016*y + 686131. Determine k(-114).
307
